 units digit of z(q)?
9
Let l(o) = -o - 3. Let q(y) = y + 2. Let c(d) = 3*l(d) + 2*q(d). Let g be c(10). Let p = g - -23. What is the units digit of p?
8
What is the units digit of -141*(-4 - 3) - (-1 + -1)?
9
Let u = 9294 + -6089. What is the hundreds digit of u?
2
Suppose o = -5*x - 248, 5*x + 3*o - o + 246 = 0. Let r = -35 - x. What is the tens digit of r?
1
Let r(q) = -3*q**2 - 5*q**3 - 4 - 3*q + 4*q**3 + 8*q + 6*q**2. Let v be r(4). Suppose -3*l + 3*h + 144 = v, -l + 87 = l + h. What is the units digit of l?
5
Let i(a) = a**2 - 6*a - 30. Suppose -3*y = 4*j - 39, 4*j + 2 = y - 11. What is the units digit of i(y)?
1
Suppose -6*o + 2*o = -12. Suppose -116 = -4*z + 4*x, -5*z + 60 + 71 = 2*x. Suppose -2*n + o*n - z = 0. What is the units digit of n?
7
Let m(l) = -l**3 + 12*l + 39. What is the tens digit of m(-4)?
5
Let s(p) = p**2 - 5*p + 2019. What is the tens digit of s(0)?
1
Suppose -6*q + q - 4*d - 5 = 0, 3*q = 2*d - 3. What is the tens digit of 1*-1*(-9 + -1 + q)?
1
Let p be (3 + (-74)/10)*-30. Suppose i - 5*i = -p. What is the tens digit of i?
3
Suppose 367 = o + 4*c, -5*o = -16*c + 11*c - 1960. What is the units digit of o?
7
Let r(w) = -w**3 + 5*w**2 - 2*w + 1. Let h be r(5). Let c = h + 9. Suppose c = -a - 2*a + 9. What is the units digit of a?
3
Let b(n) = n**2 - 8*n + 273. What is the hundreds digit of b(-26)?
1
Suppose -3*t + 2*t - 4 = 0. Let s be ((8/t)/2)/1. What is the units digit of 0/s*-1 - -6?
6
Suppose -4*y - 4 = -2*b + 10, 3*y = b - 10. Let h be (b - -9)*(-16)/(-40). Suppose 2*f - 3*f + 53 = 4*r, -h*f - r + 167 = 0. What is the tens digit of f?
4
Suppose l + l = -14. What is the units digit of (-8)/(-28) + (-19)/l?
3
Let a(n) = -n + 2. Let x be a(-1). Suppose x*j - 5*y = 0, 2*j + j - 3 = 4*y. Suppose -q + 3*h + h + 1 = 0, -j*q + 62 = -h. What is the tens digit of q?
1
Let v(s) = -s**2 - 10*s - 10. Let n be v(-7). Let j(p) = -n + 49*p + p**3 + 11*p**2 - 63*p - p**2. What is the units digit of j(-11)?
2
Let y be 44/(-14) - 2/(-14). Let c(f) = -14*f + 7. Let s be c(y). Suppose -5*q + 299 = s. What is the tens digit of q?
5
Let g = -16 + 46. Let l = g - -30. What is the tens digit of l?
6
What is the tens digit of ((4/6)/2)/((-34)/(-6630))?
6
Suppose 0 = 62*z - 51*z - 7359. What is the units digit of z?
9
Let f = -14 + 16. Let i(h) = -h**3 - 7*h**2 + 5*h - 12. Let x(g) = -g**3 + g**2 - 1. Let u(s) = f*x(s) - i(s). What is the units digit of u(8)?
4
Let l(w) = -13*w - 23. Let g be l(-11). Let p = g - 82. What is the units digit of p?
8
Let w(j) = -5*j + 80. Let v be w(15). Suppose -4*s - 3*g = 14, -s - 3*g - 8 = -0*g. What is the tens digit of s/(v/((-380)/8))?
1
Let o = -145 - -345. What is the units digit of o?
0
Suppose 0 = -8*q + 3*q + 1635. What is the hundreds digit of q?
3
Suppose -4*w = -23 - 65. Let i = w + 6. Suppose 5*d - 22 - i = 0. What is the tens digit of d?
1
Suppose 0 = -3*p + 4*m + 654, 3*m = 3*p + 2*m - 654. Suppose -2*k - 4*w + 358 = 0, 3*k + p = -2*w + 735. What is the tens digit of k?
6
What is the hundreds digit of (1812/8)/((-2)/(-4)) + -1?
4
Let o = 12 - 2. Let q be 4/o + (-8)/(-5). Suppose 4*m = -3*k + 117, -6*m + q*m = k - 127. What is the tens digit of m?
3
Let d = -34 + 39. Suppose -d*t - 134 = -w - 3*t, 0 = w + 3*t - 144. What is the units digit of w?
8
Let q = 20 - 15. Let i(k) = 7*k**2 - 2*k - 9. Let d be i(q). Let y = -100 + d. What is the tens digit of y?
5
What is the hundreds digit of (6 + 0)*2958/9?
9
Let x be 8/(-4*3/(-6)). Let s(o) = -2*o**3 - 6*o**2 + 19*o. Let i be s(-5). Suppose k - c = i*k - 133, x*k = c + 123. What is the tens digit of k?
3
Let n be 2/3*(-27)/(-2). Let f be n/6 + (-11)/(-2). Suppose -4*g = -3*w + 35, g + 32 - f = 2*w. What is the units digit of w?
3
Let s(z) = -z**2 + 10*z + 16. Let c be s(11). What is the tens digit of 37 + (4 - c - 2)?
3
Let c = -271 + 512. What is the units digit of c?
1
Let v(p) = 80*p - 16. Let k be v(6). Suppose r + k = 5*m, 0 = 3*m - 2*m + 2*r - 84. What is the units digit of m?
2
Let v(d) = d**3 - d**2 + 220. What is the tens digit of v(0)?
2
Suppose -299 = -u - 12*a + 17*a, -5*u + 1473 = -3*a. What is the tens digit of u?
9
Let q(i) be the third derivative of i**4/24 + 13*i**3/6 + 6*i**2. Let o be q(0). Suppose -o = -3*x + 35. What is the units digit of x?
6
Suppose 8*c = 4*c. Suppose 63 = -c*d - 3*d. Let h = 39 + d. What is the units digit of h?
8
Let n(f) = -f**3 + f**2 - 2*f + 3. Let k be n(0). Suppose 4*y = -k*y + 266. What is the units digit of y?
8
Let x(c) = -3*c + 7. Suppose 0 = -4*d - 3*o - 18, 2*o = 5*d - 3*o + 40. What is the tens digit of x(d)?
2
Let p(l) = l + 26. Suppose 2*a = -0*a. Let s be p(a). Suppose 2*h - 16 = -4*b - 2, 0 = 2*h + b - s. What is the tens digit of h?
1
Suppose 5*v - 2776 = -2*y, -3*y - 2788 = -5*v + y. What is the units digit of v?
6
Suppose 14 = 6*c - 4*c. Let r = 78 + c. What is the units digit of r?
5
Let v(f) = 21*f**2 - 4*f - 9. Let t be v(-3). Suppose t = -5*a + 3*d, 2*a - 81 = 4*a + 3*d. Let r = a + 85. What is the units digit of r?
6
What is the thousands digit of (-21)/(-14)*1*(2097 + 1)?
3
Suppose i + 2738 = -1699. Let y be i/45 + (-2)/5. What is the units digit of 8/20 + y/(-15)?
7
Let p = 10 - 9. Suppose -3 = -z + p. Suppose 3*b = -2*d + d + 76, 0 = d - z. What is the tens digit of b?
2
Suppose -21*r = -13704 - 15570. What is the hundreds digit of r?
3
Suppose 3*i - 3276 = 3*z, 0 = 9*i - 12*i + z + 3268. What is the hundreds digit of i?
0
Suppose -4*b = -5*h + 10*h - 820, 5*h = -3*b + 620. What is the tens digit of b?
0
Let g = -559 + 742. What is the units digit of g?
3
Let r(c) = 9*c**3 - 3*c**2 + 3*c - 1. Let d be r(2). Let z = -127 + 147. Suppose 5*n = d + z. What is the tens digit of n?
1
Let j = 170 - 107. Let f(g) = 7*g + 5. Let k be f(4). Let h = j - k. What is the tens digit of h?
3
What is the tens digit of ((-11)/(330/5988))/(2/(-20))?
9
Suppose -5*h - 19 = 4*p, 2*p - 2*h - h = 7. Let n be (p - -165)/(13 - 11). Suppose 0 = 3*k - n - 20. What is the units digit of k?
4
Let u(n) = n**3 + 5*n**2 - 15*n - 5. Let i be u(-7). Suppose -i*p + 331 = 5*d + 89, -484 = -4*p - 4*d. What is the units digit of p?
1
Let h be (-27)/(-9) + (-1)/1. Let y(x) = 6 - 11*x + 0*x**h - x**2 + 3*x + 0*x**2. What is the tens digit of y(-7)?
1
Let t(a) = -a**3 + 8*a**2 + 6*a + 10. Let q be t(8). Suppose -5*b - 5*n = 0, 2 = -3*b + 5*n + 42. Suppose -q = b*f - 213. What is the units digit of f?
1
Suppose 7*u - 11*u = -16. What is the units digit of 6*88/(-20)*(-5)/u?
3
Let f be (-12)/(-9) - 622/(-6). Suppose -f = -11*w + 93. What is the units digit of w?
8
Let y = 5 + -1. Suppose 131 + 19 = 5*r. Suppose -2*v - 2*j + r = 0, -y*v = -j + 3*j - 64. What is the units digit of v?
7
Suppose 3*p + 3*m - m = 1333, 0 = -2*p + m + 877. Let s = p + -255. What is the units digit of s?
6
Let m(f) = f**3 - 26*f**2 - 13*f + 10. What is the tens digit of m(27)?
8
Let b be (-4)/7 + 372/14. Let u = b + -65. Let n = -14 - u. What is the units digit of n?
5
Let d(m) = -8*m**2 - 5*m - 7. Let l(a) = -a**2 - a. Let n(r) = -d(r) + l(r). What is the tens digit of n(-3)?
5
Suppose 2*h = -4*k + 6224, -3*h + 3128 = 2*k - 6*h. What is the tens digit of k?
5
Let f = 17 + -21. Let d be f/(-10) - (-2352)/(-30). Let x = -55 - d. What is the units digit of x?
3
Let n(d) = 15*d**2 - 16*d - 9. What is the units digit of n(-8)?
9
Suppose -5 = 6*n - n. What is the tens digit of (16 - (-1 + n))*4?
7
Let a = -1 - 0. Suppose 22 = 8*i - 2. What is the units digit of ((-2)/i)/(a/51)?
4
Let b be -9*2/(-12)*58. Suppose 0 = -4*l - 35 + b. What is the units digit of l?
3
Let w = -136 + 137. What is the units digit of 251*(-5*4/(-10) - w)?
1
Let a be 11 - (-3 - 8/(-4)). Suppose -3*m - 3*n + 8 = -1, -4*m = -2*n - a. Suppose 0 = m*w - 3, 5*c + 3*w = 2*w + 76. What is the units digit of c?
5
Let t be -3*(-3)/(-21) + 30/70. Suppose t = -4*m - g + 564, 0 = -5*m - g + 4*g + 705. What is the hundreds digit of m?
1
What is the hundreds digit of ((-14)/63)/((-10)/9270)?
2
Suppose -2846 = -2*h + 2*c, 3*c - 2846 = -2*h + 8*c. What is the thousands digit of h?
1
Suppose 13*h - 11*h + 5*o - 1458 = 0, -4*o - 3612 = -5*h. What is the hundreds digit of h?
7
Let n be ((-1071)/15)/(-7) + 2/(-10). What is the tens digit of n/(80/708) + 2/(-4)?
8
Let s(y) = 14*y**2 + 5*y + 9. Let